 common divisor of 89378590 and 70.
70
What is the greatest common factor of 1159 and 155021?
19
Calculate the highest common divisor of 13380 and 121911870.
6690
What is the highest common divisor of 427808 and 214826?
922
Calculate the greatest common divisor of 882613 and 10871617.
4183
What is the greatest common divisor of 4942 and 1777202?
14
What is the highest common factor of 27 and 90322191?
9
What is the highest common divisor of 1568 and 456776?
8
What is the highest common divisor of 76130 and 851?
23
Calculate the greatest common divisor of 1496 and 5949966.
374
What is the highest common factor of 879825 and 285?
15
Calculate the highest common factor of 26 and 76513775.
13
Calculate the greatest common factor of 8546433 and 397077.
3711
What is the greatest common factor of 1258 and 21318170?
34
Calculate the highest common divisor of 1892144 and 1712.
16
What is the highest common factor of 288684 and 1006?
2
Calculate the highest common divisor of 1587327 and 819798.
2751
Calculate the highest common factor of 26 and 31827393.
13
What is the greatest common divisor of 105640 and 102512500?
2780
What is the greatest common factor of 668672 and 11101?
653
Calculate the highest common divisor of 8781202 and 258.
86
Calculate the greatest common divisor of 112 and 1547096.
8
Calculate the greatest common factor of 60 and 124840.
20
What is the greatest common factor of 20068 and 6568?
4
Calculate the highest common factor of 129 and 520601.
43
Calculate the highest common factor of 5360 and 73113080.
2680
Calculate the greatest common divisor of 2119 and 815489.
163
Calculate the highest common divisor of 35300 and 4263750.
50
What is the highest common divisor of 52416043 and 67?
67
Calculate the highest common factor of 18414 and 119846.
62
What is the greatest common divisor of 18 and 869617656?
18
What is the highest common factor of 3160754 and 63510?
146
Calculate the highest common divisor of 2033 and 28409463.
107
Calculate the highest common divisor of 80803952 and 144.
16
What is the greatest common divisor of 76 and 1839134868?
76
What is the greatest common divisor of 341532 and 15373773?
1611
Calculate the greatest common divisor of 488820 and 31920.
60
Calculate the greatest common factor of 21427725 and 45.
15
Calculate the greatest common divisor of 13288 and 4197800.
1208
Calculate the highest common divisor of 1115686 and 15158.
286
Calculate the greatest common divisor of 21547799 and 26.
13
Calculate the greatest common factor of 11 and 2797211.
1
Calculate the greatest common divisor of 40754164 and 738.
82
What is the greatest common divisor of 45744 and 40136548?
3812
What is the greatest common divisor of 1517 and 1728277141?
1517
Calculate the greatest common divisor of 207630 and 76140.
270
What is the greatest common divisor of 1600156096 and 112?
112
What is the highest common divisor of 157 and 2296753?
157
Calculate the highest common divisor of 68 and 213819166.
34
Calculate the greatest common factor of 21363173 and 745.
149
Calculate the highest common factor of 3139168 and 19988.
1052
Calculate the greatest common factor of 42997 and 6816497.
589
What is the greatest common factor of 102783186 and 4554?
198
Calculate the greatest common factor of 98 and 33658051.
49
Calculate the greatest common divisor of 1147 and 1651959.
31
Calculate the highest common factor of 38344400 and 16.
16
Calculate the greatest common factor of 57672348 and 84.
12
Calculate the greatest common factor of 96266 and 242.
2
What is the highest common factor of 36516565 and 55085?
2395
Calculate the highest common divisor of 82800 and 549000.
1800
Calculate the highest common divisor of 421520 and 6910640.
880
What is the highest common divisor of 1190 and 4450005?
595
Calculate the greatest common factor of 227664 and 1653726.
3162
Calculate the greatest common divisor of 81095652 and 1408.
44
Calculate the highest common divisor of 82 and 687481194.
82
What is the greatest common factor of 4465172 and 482200?
9644
Calculate the greatest common divisor of 12 and 8464948.
4
Calculate the greatest common divisor of 129748 and 1945424.
796
Calculate the greatest common factor of 146621384 and 9464.
728
What is the greatest common divisor of 1240 and 45911?
31
What is the greatest common divisor of 156617 and 28120?
19
Calculate the highest common factor of 83661104 and 304.
304
Calculate the highest common divisor of 328658 and 7810.
22
What is the highest common divisor of 4609683 and 8671?
299
What is the highest common factor of 24681580 and 4620?
1540
Calculate the greatest common factor of 30 and 1736448.
6
Calculate the highest common factor of 156 and 3576807.
39
Calculate the highest common factor of 1834 and 3510538.
262
Calculate the greatest common divisor of 392721 and 26173.
7
Calculate the highest common divisor of 43359 and 67944.
447
Calculate the highest common factor of 69 and 146919.
3
What is the highest common divisor of 26228110 and 132430?
6970
Calculate the greatest common divisor of 4560634892 and 428.
428
What is the highest common factor of 3146 and 7171658?
26
What is the highest common divisor of 28090 and 43912355?
265
Calculate the highest common divisor of 63 and 238210483.
7
Calculate the highest common divisor of 9138285 and 77285.
2665
What is the greatest common factor of 1991608319 and 137?
137
Calculate the highest common factor of 13686331 and 356.
89
What is the greatest common divisor of 38960 and 600958?
974
Calculate the greatest common factor of 895768896 and 366.
366
Calculate the greatest common divisor of 644 and 4328876.
92
What is the greatest common divisor of 861 and 20129688?
123
What is the highest common divisor of 25 and 500632300?
25
Calculate the greatest common divisor of 3482324 and 51512.
188
Calculate the highest common divisor of 12466 and 12538.
2
What is the greatest common divisor of 97521035 and 7385?
1055
What is the greatest common factor of 453375 and 83889?
117
What is the highest common factor of 300 and 6075540?
60
Calculate the greatest common divisor of 47399 and 778817.
139
Calculate the greatest common divisor of 63375134 and 1894.
1894
What is the greatest common divisor of 119538000 and 2320?
2320
Calculate the greatest common divisor of 128845 and 1748715.
365
Calculate the greatest common factor of 116252214 and 122.
122
Calculate the highest common divisor of 3220 and 180187175.
805
What is the highest common factor of 3460 and 109360220?
3460
Calculate the greatest common factor of 726 and 682044.
66
Calculate the greatest common divisor of 158 and 12605951.
79
What is the highest common divisor of 15454632 and 3128?
136
Calculate the greatest common divisor of 346 and 764328878.
346
What is the highest common divisor of 606708 and 117401?
19
Calculate the greatest common divisor of 58 and 25822847.
29
Calculate the greatest common factor of 14579 and 427.
61
What is the highest common factor of 939822824 and 16?
8
What is the highest common divisor of 19522310 and 43586?
1406
Calculate the highest common factor of 416 and 24340342.
26
What is the greatest common divisor of 12285 and 1603251?
117
Calculate the highest common divisor of 1477145 and 5.
5
Calculate the greatest common factor of 1950 and 372320.
130
Calculate the greatest common factor of 206274 and 583854.
186
Calculate the highest common factor of 5505728 and 124.
4
What is the greatest common divisor of 9065010 and 35?
5
Calculate the greatest common divisor of 82 and 2558974.
82
What is the highest common divisor of 3632 and 6223480?
8
What is the highest common factor of 1300782 and 8106?
42
Calculate the highest common factor of 102288 and 11448.
24
Calculate the highest common divisor of 211400 and 771308.
604
What is the greatest common divisor of 8955 and 1505435?
995
What is the highest common divisor of 17458 and 13593286?
406
What is the highest common divisor of 387068 and 146718?
418
Calculate the highest common divisor of 22445 and 11045.
5
Calculate the greatest common divisor of 7079700 and 9300.
300
What is the greatest common divisor of 7700 and 144119360?
1540
What is the greatest common factor of 46156850 and 2200?
50
What is the highest common divisor of